(-1)/(-3) - a/(-24). Let y = m + -14. List the prime factors of y.
2, 3
Suppose 3*i + s - 2192 = 0, 7*i - 11*i - 2*s + 2920 = 0. List the prime factors of i.
2, 3, 61
Suppose 0 = -j - 1 - 0. Let l be (14/6)/(j/(-3)). Suppose 0 = -u - 2*q + 12, -3*q + 58 = 3*u + l. List the prime factors of u.
2, 11
Suppose -2*w = l - 101, -4*w + 109 = l - 0*l. What are the prime factors of l?
3, 31
Suppose -2*x + 136 = -5*h, 0 = 3*h - 2*x - 2*x + 76. Let k be 39/(6/8*1). Let c = h + k. What are the prime factors of c?
2, 3
Let k(m) = 59*m - 62. What are the prime factors of k(10)?
2, 3, 11
Suppose 4 = -2*c - 4*h, 8*c + 2*h + 10 = 3*c. What are the prime factors of 1860/(-10)*1/c?
3, 31
Suppose 0 = -2*h - 3*d + 555, -1584 = -5*h - d - 216. What are the prime factors of h?
3, 7, 13
Let n(b) be the first derivative of -b**3/3 + 10*b**2 + 7*b - 83. Let h be 18/15*5*3. What are the prime factors of n(h)?
43
Suppose 13*d + 9545 = 32568. List the prime factors of d.
7, 11, 23
Suppose 4*n - 36 = -12. Let k(b) = -b**2 + 7*b - 11. Let w be k(n). Let h(a) = -a**2 - 10*a. What are the prime factors of h(w)?
5
Let f = -2 + 10. Suppose -f*v + 5*v + 120 = 0. Suppose 5*i - 305 = -v. What are the prime factors of i?
53
Let z = 11 - 20. Let d be (60/25)/(z/30). What are the prime factors of ((-44)/6)/(d/12)?
11
Let g = -61 + 61. List the prime factors of g + (-6)/4*-2.
3
Suppose t - 579 = -5*y - 2*t, 5*y - 575 = -5*t. List the prime factors of y.
3, 13
Suppose 42 = 4*y - 5*k - 0*k, 0 = y + k - 6. Let m(h) be the third derivative of 5*h**4/24 - 5*h**3/3 - 2*h**2. What are the prime factors of m(y)?
2, 3, 5
Suppose 2*u - 5*b = 1174, 0 = 5*u + 3*b - 1321 - 1552. List the prime factors of u.
577
Suppose 3 = 2*b - b. Suppose -b*p = 1 - 7. What are the prime factors of (p/2)/((-3)/(-57))?
19
Suppose -539 = -2*n + 5*p, 2*n + p - 416 = 117. What are the prime factors of n?
3, 89
Let n(j) be the first derivative of -109*j**4/2 - j**3 - j**2 + 23. What are the prime factors of n(-1)?
7, 31
Suppose 2*v + 2600 = 5*c - 0*v, -c - 4*v = -520. List the prime factors of c.
2, 5, 13
Suppose 4*a + a + 2*a = 0. What are the prime factors of 2/(-7) - (a - (-396)/(-14))?
2, 7
Let b(r) be the first derivative of -19*r**2 + 2*r + 7. What are the prime factors of b(-1)?
2, 5
Let w(h) = -45*h - 169. List the prime factors of w(-31).
2, 613
Let g(n) be the first derivative of n**2 + 16*n - 27. Let w(d) = -d**3 + 4*d**2 - 3*d. Let a be w(3). What are the prime factors of g(a)?
2
Let p(s) = -s**3 + 3*s**2 + 7*s + 8. Let f be p(-2). Let q be (-1)/(-1*2/(-8)). Let h = q + f. What are the prime factors of h?
2, 5
List the prime factors of (0 - 5) + 2 + (494 - 1).
2, 5, 7
List the prime factors of 2*3*(-14)/(420/(-6410)).
2, 641
Let q be -38 + (-2 + 5 - 5). Let l be ((-30)/q)/((-1)/(-4)). Suppose 0*a + 12 = l*a. What are the prime factors of a?
2
Suppose 0*o = 2*o + 22. Let d = 37 + o. Suppose l + d = 3*r, 3*l + 15 = -0*l. List the prime factors of r.
7
Let h be 1*(-1 + 2) + 13. Suppose k = 2*k. Let y = h - k. What are the prime factors of y?
2, 7
Suppose 3*d - 542 - 394 = 0. List the prime factors of d.
2, 3, 13
Suppose -15*a + 7224 = 1299. List the prime factors of a.
5, 79
Let m(h) = -h**2 + 10*h + 28. Let q be m(12). Suppose 0 = -5*a + 2*a + i + 360, 480 = q*a + i. What are the prime factors of a?
2, 3, 5
Let v(u) = -u**3 + 4*u**2 + 6*u + 1. Let o(c) = c**3 + 11*c**2 - 25*c + 10. Let l be o(-13). What are the prime factors of v(l)?
2, 23
Let j = 29 + -22. Suppose b - 11 + j = 0. Suppose -b*r + 20 = 4*p, -r + 10 - 37 = -3*p. List the prime factors of p.
2
Suppose 3*t + 2*t + 2*g - 112 = 0, t = 4*g + 40. Suppose 82 = 5*v - 3*v. Let a = v - t. What are the prime factors of a?
17
Let y = 2735 + -1751. What are the prime factors of y?
2, 3, 41
Suppose 0 = -2*m - 0*m + 6, 3*m = 4*a - 19. Suppose 12*z - a*z = 275. What are the prime factors of z?
5, 11
Let z(k) = 41*k**2 - 3*k - 3. Let y be z(-4). Suppose 11*d - y = 4*d. What are the prime factors of d?
5, 19
Let z(p) = p**3 + 4*p**2 - 6*p + 4. Let a be z(-4). Suppose -122 - a = -j. What are the prime factors of j?
2, 3, 5
Suppose 989 = y + 944. List the prime factors of y.
3, 5
Let l = -170 + 459. Let m be 0 + l - (-2)/2. What are the prime factors of 3/(-18) + m/12?
2, 3
Let u(c) = -14*c - 6. Let n(o) = -3*o + 11. Let x be n(5). Let p be u(x). Let g = p + -30. List the prime factors of g.
2, 5
Let z = -44 - -155. What are the prime factors of z?
3, 37
Suppose 0 = -3*c, -3*d = 4*c - 771 + 9. Suppose -5*a + 2*y + d = 0, -a + 2*y - 146 = -4*a. Suppose 3*o = 5*h - a, o + 7 = 2. What are the prime factors of h?
7
Let x = -25 - -48. Let p = x - 11. What are the prime factors of p?
2, 3
Suppose 6 + 4 = 5*q. Suppose 5*x + 3*c = q*x + 6, 5*x + 3*c = 18. What are the prime factors of 15/x - (-2)/(-4)?
2
Let d = 10 - 3. Let m(k) = k + 7. Let x be m(d). List the prime factors of 384/x + (-18)/42.
3
Suppose 510 = -4*v + 10*v. What are the prime factors of v?
5, 17
Let f = -7115 - -10354. List the prime factors of f.
41, 79
Suppose 5*n + 4*m - 22 = 0, 3*n + m = 2*m + 20. Suppose 10*l - 12 = n*l. Suppose 2*v - l*u = 20, 3*v + u - 62 + 10 = 0. List the prime factors of v.
2
Let r = -607 + 823. List the prime factors of r.
2, 3
Suppose 4*s = 6*s - 8. List the prime factors of -11*(0 + s - 27).
11, 23
Suppose -2*b + 17 = 3*u, u - 4*b + b - 24 = 0. Suppose -u*c + 725 = -4*c. List the prime factors of c.
5, 29
Let t(q) = 3*q**3 - 3*q**2 - 6*q - 8. Let z be t(7). Suppose -z = o - 17*o. What are the prime factors of o?
2, 13
Let u = 10 - 16. List the prime factors of 3/u*9/((-18)/148).
37
Suppose -3*s + 11 + 4 = 0. Let j(i) = -32*i**2 - 3*i + 3. Let v be j(s). List the prime factors of (-2)/7 + v/(-98).
2
Let l(u) = -5*u - 12. Let z(k) be the second derivative of -2*k**3/3 - 11*k**2/2 + 8*k. Let d(q) = 5*l(q) - 6*z(q). List the prime factors of d(2).
2
Let s(a) be the first derivative of 9*a**2/2 + 16*a - 13. List the prime factors of s(6).
2, 5, 7
Suppose 0 = -3*n, -4*w - 78 + 6542 = 2*n. Suppose -40*g = -32*g - w. List the prime factors of g.
2, 101
Let d = 0 - 0. Suppose 25 = 4*q - 5*n, n = q - 3 - 3. Suppose s + q - 12 = d. List the prime factors of s.
7
Suppose -3*z + 2*k - 306 = 0, 2*z - 8*k + 3*k + 193 = 0. Let o = 133 + z. What are the prime factors of o?
29
Let z(d) = d**3 + 4*d**2 + 3. Let i be z(-4). What are the prime factors of -3 + 9/i + 37 + 5?
2, 3, 7
Let r(v) = -26*v**3 + 4*v**2 - 10*v - 30. What are the prime factors of r(-3)?
2, 3, 41
Let i(a) = -248*a**3 + a**2 - a - 1. What are the prime factors of i(-1)?
3, 83
Let x(g) = -10*g - 40. List the prime factors of x(-10).
2, 3, 5
Let n(p) = 12*p - 4. Let a(f) = f + 3 + 0*f - 3 - 13. Let h be a(17). List the prime factors of n(h).
2, 11
Suppose -2*p + 162 = 756. Let y = p + 421. List the prime factors of y.
2, 31
Suppose -2*g + q - 51 = -409, 0 = 2*g + 3*q - 358. Let p = -58 + g. What are the prime factors of p?
11
Let o(b) = b**3 - 19*b**2 + 105*b - 9. What are the prime factors of o(14)?
13, 37
Let l be ((-12)/10)/(2/(-10)). Suppose -2*b = -7*v + 9*v, -b + 5*v + 24 = 0. What are the prime factors of l/(b - (-116)/(-32))?
2
Suppose f + 3*j - 64 = 0, 39 = f - 4*j - 53. Let n = -45 + f. What are the prime factors of n?
31
Let m be (-111)/(-12) + 1/(-4). Suppose 0 = 5*q + 59 - m. Let d = -7 - q. List the prime factors of d.
3
Suppose -129 = -g - 4*u, g - u - 128 = -4*u. Suppose -i + g + 15 = 0. Suppose d - 6*d + i = 0. List the prime factors of d.
2, 7
Suppose 2*f - 3 = 1. Let s = -6 + f. What are the prime factors of 2132/36 - s/(-18)?
59
What are the prime factors of -7 + (-9)/(63/(-13559))?
2, 5, 193
Suppose 25 = 4*w + 5*v, -4*w = v - 6*v - 15. Let h(a) = w*a**2 - 3 - 2 + a**2 - 10*a - 1 + a**3. What are the prime factors of h(-7)?
3, 5
Let w = -44 + 41. What are the prime factors of (12 + w - 3)*(-4)/(-6)?
2
List the prime factors of 357 + 135/(-35) + 1/(-7).
353
Let c = 1 - -17. Suppose 13 = -b + 16. Suppose -i + b*i = c. List the prime factors of i.
3
Let w = -87 + 90. Suppose 2*z + 446 = w*i, 4*z = -i + 2*z + 146. What are the prime factors of i?
2, 37
Suppose -56*q + 72*q - 18144 = 0. What are the prime factors of q?
2, 3, 7
Suppose -3*h + 5*y - 6 = -0*y, 3*y = -2*h - 23. Let n = -3 - h. Suppose 0 = m - n*m